 0*n**2 + n - 3*n**2 + 3. What is the tens digit of m(k)?
1
Suppose 5*u = 5*i - 95, 0*u = -i - u + 23. What is the units digit of i?
1
Suppose 607 = 5*r - 83. What is the hundreds digit of r?
1
Suppose 0*z - 2*z + 10 = 0, 0 = -4*m + 4*z + 444. What is the tens digit of m?
1
Suppose r + 22 = -5*f, 0*f = 4*f - r + 14. Let o be (-2 + 16)*(-2)/f. Let z = o + 1. What is the units digit of z?
8
Let s(l) = 91*l**2 - 6*l - 5. What is the units digit of s(-1)?
2
Let l be 10/3 - 2/6. Let y(r) = r**3 - 2*r + 4*r**2 + 0*r**3 - 2*r**3. What is the units digit of y(l)?
3
Suppose -5*t = 5*j + 55, -4*j = 7*t - 2*t + 46. What is the units digit of (-2)/j - 16/(-9)?
2
Let v(f) = f**2 - 10*f - 16. Let o be v(11). What is the units digit of o/3*(-24)/4?
0
Let y(p) = -4*p - 17. Let f be y(-12). Suppose -f = -2*z + 25. What is the units digit of z?
8
Suppose 159 = 2*z - 0*s + s, 3*z + 2*s - 238 = 0. What is the tens digit of z?
8
Suppose 5*q + 181 = 4*u + 4*q, 4*u - 4*q - 172 = 0. What is the tens digit of u?
4
Let p(u) be the third derivative of -5*u**4/12 - u**3/3 - 4*u**2. What is the tens digit of p(-2)?
1
Let v(x) be the first derivative of x**7/840 + x**5/30 - x**4/8 + x**3/3 - 1. Let a(h) be the third derivative of v(h). What is the units digit of a(2)?
3
Suppose -5*a = -1 + 6, 5*u - a = 46. Suppose -3*p - u = 4*f, -5*f - 3*p + 3 = -4*p. Let x = 6 - f. What is the units digit of x?
6
Let p(k) be the first derivative of 5*k**3/3 - 5*k**2/2 + 4*k + 1. Let m be p(3). Let t = m - 24. What is the tens digit of t?
1
Let z = -8 + 15. Let f = 6 + z. What is the tens digit of f?
1
Suppose 0 = -2*u + u. Suppose u = -6*k + 3*k. What is the units digit of 0 + k + 2 + 2?
4
Suppose 5*p - 196 + 46 = 0. Suppose -25 - p = -5*q. Suppose -3*j - x = -q, -2*j - 5*x + 22 = 2*j. What is the units digit of j?
3
Let h(m) = -4*m**3 + 8*m**2 + 5*m + 2. Let x(k) = k**3 - k**2 - 1. Let f(n) = -h(n) - 3*x(n). Let a be f(6). What is the units digit of (2 - 0) + (a - -1)?
0
Let s(n) = -n**2 - n - 3. Let f be s(-3). Let l = 5 - f. Suppose l = 2*d - z - 9, -3*d + 21 = 3*z. What is the units digit of d?
0
Suppose 4*p = -2*k + 488, p + 6*k - 10*k - 131 = 0. What is the tens digit of p?
2
Let i = 67 + -48. What is the units digit of i?
9
Let g(u) = 6*u**3 - u**2 - u - 1. What is the units digit of g(2)?
1
Let m = -55 + 96. What is the units digit of m?
1
Suppose 0 = -q + 5 - 3. Suppose 4*i + 13 = q*i - 5*m, -2 = -2*i - 2*m. Suppose 11*o - 25 = i*o. What is the units digit of o?
5
Suppose 4 = 4*d, 0 = 5*b - 0*b + d - 61. Suppose 2*z - 3*x = -0*z - 8, -4*z + 4*x = 20. Let k = z + b. What is the units digit of k?
5
Suppose 2*y = -13 + 3. What is the tens digit of 2*y/((-5)/14)?
2
Suppose 0 = -b - 4*b - 3*p - 11, -b + p - 7 = 0. Let t(s) = -s**2 - 4*s - 1. Let z be t(b). What is the units digit of 9 + -2 + -1 + z?
5
Let p = 361 - 179. What is the hundreds digit of p?
1
Let x(w) = -1 - 5*w**2 - 4*w**2 + 8 + w**3. Let p = 1 + 8. What is the units digit of x(p)?
7
Suppose b = -4*b + 420. Suppose -s + b = s. What is the tens digit of s?
4
Suppose 5*a - 4 - 10 = -j, j + 6 = 5*a. Suppose -5 = -5*t, 0*f = j*f + 5*t - 149. What is the units digit of ((-2)/3)/((-3)/f)?
8
Suppose 0*z + 5*b - 145 = -z, -4*z + 3*b + 465 = 0. What is the units digit of z?
0
Let u(h) = 4*h**3 - 4*h**2 + 4*h - 2. What is the tens digit of u(2)?
2
Let i(k) = -6*k + 1. What is the tens digit of i(-6)?
3
Suppose -5*d + 5*f + 0*f = 0, -5*d - 5*f = -20. What is the units digit of 4/6*3/d?
1
Let j be (4 + -1)/(0 - 1). What is the tens digit of 21 - j*(0 + 1)?
2
What is the units digit of 2023/14 - (-1 + (-1)/2)?
6
Suppose -2*k = -4*i - 70, 3*k - 137 = -k + 5*i. Let l = 19 + k. What is the tens digit of l?
5
Suppose 3*k - 1339 = -s, 0 = k - 0*k + 3*s - 457. What is the tens digit of k?
4
Let c(k) = -k. Let l be c(-3). Suppose -2*r = -y - 4*r - 10, 2*y - l*r - 1 = 0. What is the tens digit of 2/(-4) + (-70)/y?
1
Let i(g) = g**2 - 4*g - 2. Let a be i(5). Suppose 2*o + 0*k = k + 19, 0 = -4*k + 4. Suppose a*v = 4*v - o. What is the units digit of v?
0
Let b = 4 - 4. Let m = -1 - b. What is the units digit of ((-6)/10 - m)*25?
0
Let k(h) be the second derivative of -h**4/12 + 3*h**3/2 + 3*h**2/2 - h. Let w be k(9). Suppose -2*i = i - w. What is the units digit of i?
1
Let a = -5 - -9. Suppose 4*v + 4 = 0, -5*v = -3*f + 16 + a. What is the units digit of f?
5
Let w = 73 - 0. What is the units digit of w?
3
Suppose -2*p = -4, 2*q - 18 = -5*p - 2. Let o(m) = q + 3*m**2 - 2*m**2 - 4*m + 1. What is the tens digit of o(6)?
1
What is the units digit of (-52)/(-12)*(18 - 0)?
8
Let d = -224 + 132. Let j = 130 + d. What is the tens digit of j?
3
Suppose 3*l = -l + 52. Let v(q) = -q**2 - 7*q + 2. Let p(f) = 2*f**2 + 14*f - 5. Let o(m) = l*v(m) + 6*p(m). What is the units digit of o(-6)?
2
Let w(f) = -7*f + 10. Let t be w(12). Let v = t + 127. What is the units digit of v?
3
What is the tens digit of (-1)/(-7) + 7998/21?
8
Let c(h) = -7*h - 8. Suppose -16 = 2*g + i, 0 = 5*g - 6*i + i + 10. What is the units digit of c(g)?
4
Let u = -62 - -96. What is the tens digit of 2/((-30)/u - -1)?
1
Suppose 2*m + p = -2*p - 12, -2*m - 2*p - 8 = 0. What is the tens digit of (m - -1) + 17 - 2?
1
Suppose -10*n + 1470 = 5*n. What is the tens digit of n?
9
Let w = -2 + 4. What is the units digit of (-1 - (w + -7)) + -1?
3
Suppose x - 29 = -2*b, 2 + 1 = -3*x. Let a(u) = 3*u - 4. What is the units digit of a(b)?
1
Suppose 0*p = 5*p - 10, 68 = -5*y - p. Let j = 15 - y. What is the tens digit of j?
2
Let x = 5 + -5. What is the units digit of x/(-3) + 14/2?
7
Suppose 2*z + 7 = 3*d, 2*z + z = -3*d + 27. Suppose -19 = -2*f + 4*a - 5, 3*f = -z*a + 11. What is the units digit of f?
5
What is the units digit of ((-1)/(-3))/(2/162)?
7
Let t(s) = -s - 1. Let u be t(-6). Suppose k + 4 = u*k. What is the units digit of k?
1
Let c(m) be the second derivative of m**5/20 + m**4/2 + 2*m**3/3 - 7*m**2/2 + 2*m. Let a be c(-5). What is the units digit of -6*(-3 + (0 - a))?
6
Let r(t) = 3*t**2 - 14*t + 17. What is the tens digit of r(8)?
9
Let g be (-117)/(-6) + 1/2. Suppose 0 = -3*p - p - g. What is the units digit of p*(3 - 2 - 3)?
0
Let t(n) = 5*n**3 - 12*n**2 - 11*n - 3. Let c(h) = h**3 - h**2. Let s(y) = 4*c(y) - t(y). What is the tens digit of s(9)?
2
Suppose 3*n + 4 - 10 = 0. Let h = 8 - n. What is the units digit of h?
6
Suppose -2*r + 22 = c, -6*r + 2*c = -2*r - 44. What is the units digit of r?
1
Let b(r) = r**3 + 5*r**2 - 4. Let t be b(-5). Suppose 2*q = -2*n + 10, q + 4*n + 4 = -0*n. Let g = q + t. What is the units digit of g?
4
Let w = 2 - 2. Let v(j) = 9*j + 0 + w. What is the units digit of v(1)?
9
Suppose 4*v - 25 = 71. What is the tens digit of v?
2
Suppose -2*r + 4 = 0, -3*r = -4*u - 4 + 2. What is the units digit of ((-49)/(-7))/(u/2)?
4
Let h(c) = c - 4. Let q(u) = -u + 3. Let p(b) = -4*h(b) - 5*q(b). Let d be p(-2). What is the units digit of d/((-1)/7)*1?
7
Let z be 1/2 - 9/(-2). Suppose -6 = -z*g + 3*l + 14, -5*l + 4 = g. Suppose 2*q + k = -0*k + 6, 0 = -3*q + g*k - 2. What is the units digit of q?
2
Let a be -6 + 6/(-3) + 0. Let r be (-81)/12 + 2/a. What is the units digit of (r + 2)*(-24)/15?
8
Let j = -6 + -3. Let t be ((-40)/6)/(3/j). Suppose h - t = -4*h. What is the units digit of h?
4
Suppose 4*m = -s - 39 + 2, 0 = -5*s - 5. Let h = m - -15. Let x = 16 - h. What is the units digit of x?
0
Let y = 520 + -332. What is the tens digit of y?
8
Let n(j) = -2*j - 5. Let r be n(-5). Suppose 3*z - 48 = r*p, 0*z + 5*p = -5*z + 80. What is the tens digit of z?
1
Suppose 7*k - 3*k = 24. Suppose 6 = -5*w + 3*w + 3*z, -3*z + 3 = -3*w. Suppose w = -u + k. What is the units digit of u?
3
What is the tens digit of (2107/14 - -7)*(-8)/(-6)?
1
Let x = -24 + 31. Let m = x - -34. What is the units digit of m?
1
Suppose -3*d + 51 + 24 = 0. Suppose -5*a + d = 4*p, p - 3*p = -a - 9. Suppose -5*v + 25 = p*b, b + 0 = -4. What is the units digit of v?
9
What is the units digit of (-11)/22*((2 - 2) + -532)?
6
Let r = 5 - -4. Let k = -4 + 8. Let s = r + k. What is the tens digit of s?
1
Suppose 0*c = -5*c + 15. Suppose -2*y = -c*y + 6. What is the units digit of y?
6
Let m = 1 + 0. Suppose 5*s - 6 + m = 0. What is the units digit of s/2*-2*-1?
1
Let n(c) = -15*c + 3. Let j be n(1). L